{"id":348,"date":"2026-05-03T12:41:43","date_gmt":"2026-05-03T12:41:43","guid":{"rendered":"http:\/\/test.ninablasband.com\/?post_type=product&#038;p=348"},"modified":"2026-05-12T16:55:26","modified_gmt":"2026-05-12T16:55:26","slug":"horse-first-crewneck","status":"publish","type":"product","link":"https:\/\/ninablasband.com\/?product=horse-first-crewneck","title":{"rendered":"horse first &#8211; crewneck"},"content":{"rendered":"<p>HORSE FIRST, SPORT SECOND<\/p>\n<p>Ce pull ne devrait pas \u00eatre militant ou engag\u00e9 ou os\u00e9, mais dans le monde de l\u2019\u00e9quitation d\u2019aujourd\u2019hui, il l\u2019est.<\/p>\n<p>L\u2019\u00e9quitation c\u2019est un des seuls sports qui se pratique avec un animal, avec des \u00eatres vivants, sensibles, intelligents, g\u00e9n\u00e9reux et courageux. On ne joue pas avec des raquettes de tennis, des motos ou des ballons de basket.<\/p>\n<p>Si le cheval n\u2019est pas ce qu\u2019il y a de plus important dans notre pratique, elle n\u2019a aucun sens.<\/p>\n<p>Si le cheval ne passe pas AVANT la performance, les r\u00e9sultats et le sport, ce n\u2019est plus de l\u2019\u00e9quitation, c\u2019est un rapport de force, un match de boxe dans lequel le gagnant quel qu\u2019il soit, n\u2019est jamais le cheval.<\/p>\n<p>J&rsquo;esp\u00e8re que tu seras aussi bien que moi dedans \ud83d\ude42<\/p>\n","protected":false},"excerpt":{"rendered":"<p>HORSE FIRST, SPORT SECOND Ce pull ne devrait pas \u00eatre militant ou engag\u00e9 ou os\u00e9, mais dans le monde de [&hellip;]<\/p>\n","protected":false},"featured_media":357,"template":"","meta":{"site-sidebar-layout":"default","site-content-layout":"","ast-site-content-layout":"default","site-content-style":"default","site-sidebar-style":"default","ast-global-header-display":"","ast-banner-title-visibility":"","ast-main-header-display":"","ast-hfb-above-header-display":"","ast-hfb-below-header-display":"","ast-hfb-mobile-header-display":"","site-post-title":"","ast-breadcrumbs-content":"","ast-featured-img":"","footer-sml-layout":"","ast-disable-related-posts":"","theme-transparent-header-meta":"default","adv-header-id-meta":"","stick-header-meta":"","header-above-stick-meta":"","header-main-stick-meta":"","header-below-stick-meta":"","astra-migrate-meta-layouts":"set","ast-page-background-enabled":"default","ast-page-background-meta":{"desktop":{"background-color":"var(--ast-global-color-5)","background-image":"","background-repeat":"repeat","background-position":"center center","background-size":"auto","background-attachment":"scroll","background-type":"","background-media":"","overlay-type":"","overlay-color":"","overlay-opacity":"","overlay-gradient":""},"tablet":{"background-color":"","background-image":"","background-repeat":"repeat","background-position":"center center","background-size":"auto","background-attachment":"scroll","background-type":"","background-media":"","overlay-type":"","overlay-color":"","overlay-opacity":"","overlay-gradient":""},"mobile":{"background-color":"","background-image":"","background-repeat":"repeat","background-position":"center center","background-size":"auto","background-attachment":"scroll","background-type":"","background-media":"","overlay-type":"","overlay-color":"","overlay-opacity":"","overlay-gradient":""}},"ast-content-background-meta":{"desktop":{"background-color":"var(--ast-global-color-4)","background-image":"","background-repeat":"repeat","background-position":"center center","background-size":"auto","background-attachment":"scroll","background-type":"","background-media":"","overlay-type":"","overlay-color":"","overlay-opacity":"","overlay-gradient":""},"tablet":{"background-color":"var(--ast-global-color-4)","background-image":"","background-repeat":"repeat","background-position":"center center","background-size":"auto","background-attachment":"scroll","background-type":"","background-media":"","overlay-type":"","overlay-color":"","overlay-opacity":"","overlay-gradient":""},"mobile":{"background-color":"var(--ast-global-color-4)","background-image":"","background-repeat":"repeat","background-position":"center center","background-size":"auto","background-attachment":"scroll","background-type":"","background-media":"","overlay-type":"","overlay-color":"","overlay-opacity":"","overlay-gradient":""}}},"product_brand":[],"product_cat":[21],"product_tag":[],"class_list":{"0":"post-348","1":"product","2":"type-product","3":"status-publish","4":"has-post-thumbnail","6":"product_cat-crewneck","7":"desktop-align-left","8":"tablet-align-left","9":"mobile-align-left","11":"first","12":"instock","13":"shipping-taxable","14":"purchasable","15":"product-type-variable"},"jetpack_sharing_enabled":true,"_links":{"self":[{"href":"https:\/\/ninablasband.com\/index.php?rest_route=\/wp\/v2\/product\/348","targetHints":{"allow":["GET"]}}],"collection":[{"href":"https:\/\/ninablasband.com\/index.php?rest_route=\/wp\/v2\/product"}],"about":[{"href":"https:\/\/ninablasband.com\/index.php?rest_route=\/wp\/v2\/types\/product"}],"version-history":[{"count":4,"href":"https:\/\/ninablasband.com\/index.php?rest_route=\/wp\/v2\/product\/348\/revisions"}],"predecessor-version":[{"id":561,"href":"https:\/\/ninablasband.com\/index.php?rest_route=\/wp\/v2\/product\/348\/revisions\/561"}],"wp:featuredmedia":[{"embeddable":true,"href":"https:\/\/ninablasband.com\/index.php?rest_route=\/wp\/v2\/media\/357"}],"wp:attachment":[{"href":"https:\/\/ninablasband.com\/index.php?rest_route=%2Fwp%2Fv2%2Fmedia&parent=348"}],"wp:term":[{"taxonomy":"product_brand","embeddable":true,"href":"https:\/\/ninablasband.com\/index.php?rest_route=%2Fwp%2Fv2%2Fproduct_brand&post=348"},{"taxonomy":"product_cat","embeddable":true,"href":"https:\/\/ninablasband.com\/index.php?rest_route=%2Fwp%2Fv2%2Fproduct_cat&post=348"},{"taxonomy":"product_tag","embeddable":true,"href":"https:\/\/ninablasband.com\/index.php?rest_route=%2Fwp%2Fv2%2Fproduct_tag&post=348"}],"curies":[{"name":"wp","href":"https:\/\/api.w.org\/{rel}","templated":true}]}}