{"id":609,"date":"2026-05-07T08:45:07","date_gmt":"2026-05-07T08:45:07","guid":{"rendered":"http:\/\/test.ninablasband.com\/?page_id=609"},"modified":"2026-05-07T09:03:46","modified_gmt":"2026-05-07T09:03:46","slug":"livraison","status":"publish","type":"page","link":"https:\/\/ninablasband.com\/?page_id=609","title":{"rendered":"livraison"},"content":{"rendered":"\t\t<div data-elementor-type=\"wp-page\" data-elementor-id=\"609\" class=\"elementor elementor-609\">\n\t\t\t\t<div class=\"elementor-element elementor-element-fa515ba e-flex e-con-boxed e-con e-parent\" data-id=\"fa515ba\" data-element_type=\"container\" data-e-type=\"container\">\n\t\t\t\t\t<div class=\"e-con-inner\">\n\t\t\t\t\t\t\t\t<p class=\"e-paragraph-base\" data-interaction-id=\"e051291\"  >\n\t\t\t\t\t\t\t\tMerci \u00e9norm\u00e9ment de soutenir un monte plus doux pour les chevaux, la plan\u00e8te et les humains \ud83d\ude42<br>Je pr\u00e9pare chaque commande personnellement et avec soin pour garantir la meilleure qualit\u00e9 possible.<br><strong id=\"e-mov9e7w3-lhj1gwn\"><u id=\"e-mov9e7w3-sf3nz3z\">D\u00e9lais de pr\u00e9paration<br><\/u><\/strong>Les commandes sont pr\u00e9par\u00e9es sous <strong id=\"e-mov9e7w3-e76929o\">2 \u00e0 5 jours ouvr\u00e9s.&nbsp;<\/strong>En p\u00e9riode de lancement, d\u2019\u00e9v\u00e8nement ou de forte demande, les d\u00e9lais peuvent exceptionnellement \u00eatre un peu plus longs.<br><strong id=\"e-mov9e7w3-lgy7ufr\"><u id=\"e-mov9e7w3-b9tcs5l\">Zones de livraison<br><\/u><\/strong>Tu peux actuellement commander depuis la Belgique, la France, le Luxembourg, la Suisse, l'Allemange et les Pays-Bas. Pour tout autre pays n'h\u00e9site pas \u00e0 m'envoyer un petit message ou e-mail, on trouve toujours des solutions pour t'envoyer ton nouveau t-shirt pr\u00e9f\u00e9r\u00e9. <br><strong id=\"e-mov9e7w3-4p6akve\"><u id=\"e-mov9e7w3-tnk8vqo\">D\u00e9lais de livraison estim\u00e9s<\/u><\/strong> <br>Belgique : <strong id=\"e-mov9e7w3-n64w1lu\">2 \u00e0 4 jours ouvr\u00e9s<\/strong><br>France : <strong id=\"e-mov9e7w3-cwclnrx\">3 \u00e0 6 jours ouvr\u00e9s<\/strong><br>Europe : <strong id=\"e-mov9e7w3-j0iw5ln\">4 \u00e0 8 jours ouvr\u00e9s<\/strong><br>Ces d\u00e9lais sont donn\u00e9s \u00e0 titre indicatif par le transporteur et sont susceptibles de varier en fonction de la p\u00e9riode ou de la forte demande.<br><strong id=\"e-mov9e7w3-0vsv910\"><u id=\"e-mov9e7w3-vsmytjy\">Frais de livraison<\/u><\/strong><br>Les frais de livraison sont calcul\u00e9s au moment du paiement selon : le pays de destination, le poids de la commande et le mode de livraison choisi.<br><strong id=\"e-mov9e7w3-m2qi2vo\"><u id=\"e-mov9e7w3-ca7s4nj\">Suivi des commandes<br><\/u><\/strong>Lorsque ta commande est exp\u00e9di\u00e9e, tu recevras un email contenant un num\u00e9ro de suivi de la part du transporteur.&nbsp;<br><strong id=\"e-mov9e7w3-pvv4c14\"><u id=\"e-mov9e7w3-4n97mrr\">Probl\u00e8me de livraison<br><\/u><\/strong>En cas de colis perdu, endommag\u00e9 ou bloqu\u00e9 ou si tu ne re\u00e7ois pas de mail de suivi, contacte moi directement pour que je r\u00e8gle le probl\u00e8me !<br><strong id=\"e-mov9e7w3-7f14d8p\">nina@ninablasband.com<\/strong>\n\t\t\t\t\t<\/p>\n\t\t\t\t\t<\/div>\n\t\t\t\t<\/div>\n\t\t\t\t<\/div>\n\t\t","protected":false},"excerpt":{"rendered":"<p>Merci \u00e9norm\u00e9ment de soutenir un monte plus doux pour les chevaux, la plan\u00e8te et les humains \ud83d\ude42Je pr\u00e9pare chaque commande [&hellip;]<\/p>\n","protected":false},"author":1,"featured_media":0,"parent":0,"menu_order":0,"comment_status":"closed","ping_status":"closed","template":"","meta":{"site-sidebar-layout":"no-sidebar","site-content-layout":"","ast-site-content-layout":"full-width-container","site-content-style":"default","site-sidebar-style":"default","ast-global-header-display":"","ast-banner-title-visibility":"","ast-main-header-display":"","ast-hfb-above-header-display":"","ast-hfb-below-header-display":"","ast-hfb-mobile-header-display":"","site-post-title":"","ast-breadcrumbs-content":"","ast-featured-img":"disabled","footer-sml-layout":"","ast-disable-related-posts":"","theme-transparent-header-meta":"","adv-header-id-meta":"","stick-header-meta":"","header-above-stick-meta":"","header-main-stick-meta":"","header-below-stick-meta":"","astra-migrate-meta-layouts":"default","ast-page-background-enabled":"default","ast-page-background-meta":{"desktop":{"background-color":"var(--ast-global-color-5)","background-image":"","background-repeat":"repeat","background-position":"center center","background-size":"auto","background-attachment":"scroll","background-type":"","background-media":"","overlay-type":"","overlay-color":"","overlay-opacity":"","overlay-gradient":""},"tablet":{"background-color":"","background-image":"","background-repeat":"repeat","background-position":"center center","background-size":"auto","background-attachment":"scroll","background-type":"","background-media":"","overlay-type":"","overlay-color":"","overlay-opacity":"","overlay-gradient":""},"mobile":{"background-color":"","background-image":"","background-repeat":"repeat","background-position":"center center","background-size":"auto","background-attachment":"scroll","background-type":"","background-media":"","overlay-type":"","overlay-color":"","overlay-opacity":"","overlay-gradient":""}},"ast-content-background-meta":{"desktop":{"background-color":"var(--ast-global-color-4)","background-image":"","background-repeat":"repeat","background-position":"center center","background-size":"auto","background-attachment":"scroll","background-type":"","background-media":"","overlay-type":"","overlay-color":"","overlay-opacity":"","overlay-gradient":""},"tablet":{"background-color":"var(--ast-global-color-4)","background-image":"","background-repeat":"repeat","background-position":"center center","background-size":"auto","background-attachment":"scroll","background-type":"","background-media":"","overlay-type":"","overlay-color":"","overlay-opacity":"","overlay-gradient":""},"mobile":{"background-color":"var(--ast-global-color-4)","background-image":"","background-repeat":"repeat","background-position":"center center","background-size":"auto","background-attachment":"scroll","background-type":"","background-media":"","overlay-type":"","overlay-color":"","overlay-opacity":"","overlay-gradient":""}},"footnotes":""},"class_list":["post-609","page","type-page","status-publish","hentry"],"jetpack_sharing_enabled":true,"_links":{"self":[{"href":"https:\/\/ninablasband.com\/index.php?rest_route=\/wp\/v2\/pages\/609","targetHints":{"allow":["GET"]}}],"collection":[{"href":"https:\/\/ninablasband.com\/index.php?rest_route=\/wp\/v2\/pages"}],"about":[{"href":"https:\/\/ninablasband.com\/index.php?rest_route=\/wp\/v2\/types\/page"}],"author":[{"embeddable":true,"href":"https:\/\/ninablasband.com\/index.php?rest_route=\/wp\/v2\/users\/1"}],"replies":[{"embeddable":true,"href":"https:\/\/ninablasband.com\/index.php?rest_route=%2Fwp%2Fv2%2Fcomments&post=609"}],"version-history":[{"count":7,"href":"https:\/\/ninablasband.com\/index.php?rest_route=\/wp\/v2\/pages\/609\/revisions"}],"predecessor-version":[{"id":617,"href":"https:\/\/ninablasband.com\/index.php?rest_route=\/wp\/v2\/pages\/609\/revisions\/617"}],"wp:attachment":[{"href":"https:\/\/ninablasband.com\/index.php?rest_route=%2Fwp%2Fv2%2Fmedia&parent=609"}],"curies":[{"name":"wp","href":"https:\/\/api.w.org\/{rel}","templated":true}]}}