{"id":12,"date":"2026-05-03T09:17:00","date_gmt":"2026-05-03T09:17:00","guid":{"rendered":"http:\/\/test.ninablasband.com\/?page_id=12"},"modified":"2026-05-07T08:44:17","modified_gmt":"2026-05-07T08:44:17","slug":"refund_returns","status":"publish","type":"page","link":"https:\/\/ninablasband.com\/?page_id=12","title":{"rendered":"politique de confidentialit\u00e9 (RGPD)"},"content":{"rendered":"\t\t<div data-elementor-type=\"wp-page\" data-elementor-id=\"12\" class=\"elementor elementor-12\">\n\t\t\t\t<div class=\"elementor-element elementor-element-bc3cf0d e-flex e-con-boxed e-con e-parent\" data-id=\"bc3cf0d\" data-element_type=\"container\" data-e-type=\"container\">\n\t\t\t\t\t<div class=\"e-con-inner\">\n\t\t\t\t\t\t\t\t<p class=\"e-paragraph-base\" data-interaction-id=\"52522d1\"  >\n\t\t\t\t\t\t\t\tPOLITIQUE DE CONFIDENTIALIT\u00c9 (RGPD)<br><strong id=\"e-mov8p4o3-dqudpy5\">Politique de confidentialit\u00e9<br><\/strong>La protection de vos donn\u00e9es personnelles est super importante pour moi et c'est une de mes priorit\u00e9s quand vous me faites confiance et passez commande sur la boutique !<br><strong id=\"e-mov8p4o3-k1q0tyf\">Donn\u00e9es collect\u00e9es<br><\/strong>Lorsque vous utilisez ce site, certaines donn\u00e9es peuvent \u00eatre collect\u00e9es : <br>- nom <br>- pr\u00e9nom <br>- adresse postale <br>- adresse email <br>- num\u00e9ro de t\u00e9l\u00e9phone <br>- informations de commande<br><strong id=\"e-mov8p4o3-faof3bf\">Utilisation des donn\u00e9es<\/strong><br>Ces donn\u00e9es sont utilis\u00e9es pour (et uniquement pour): <br>- traiter vos commandes <br>- assurer le service client <br>- g\u00e9rer les livraisons <br>- envoyer des emails li\u00e9s \u00e0 votre commande <br>- envoyer la newsletter si vous y avez consenti<br><strong id=\"e-mov8p4o3-s0g3udd\">Conservation des donn\u00e9es<\/strong><br>Les donn\u00e9es li\u00e9es aux commandes peuvent \u00eatre conserv\u00e9es jusqu\u2019\u00e0 10 ans afin de respecter les obligations l\u00e9gales, comptables et fiscales. Les autres donn\u00e9es personnelles sont conserv\u00e9es uniquement pendant la dur\u00e9e n\u00e9cessaire aux finalit\u00e9s pour lesquelles elles ont \u00e9t\u00e9 collect\u00e9es.<br><strong id=\"e-mov8p4o3-bhbqdoi\">Partage des donn\u00e9es<br><\/strong>Vos donn\u00e9es ne sont jamais revendues. Certaines informations peuvent \u00eatre transmises \u00e0 des services n\u00e9cessaires au fonctionnement du site : paiement, livraison, h\u00e9bergement, emailing<br><strong id=\"e-mov8p4o3-k7121iq\">Vos droits<br><\/strong>Conform\u00e9ment au RGPD, vous pouvez : demander l\u2019acc\u00e8s \u00e0 vos donn\u00e9es, demander leur modification, demander leur suppression.<br>Pour toute demande, vous pouvez me contacter : nina@ninablasband.com<br><strong id=\"e-mov8p4o3-jja1gw1\">Cookies<br><\/strong>Ce site utilise des cookies afin d\u2019am\u00e9liorer l\u2019exp\u00e9rience utilisateur et mesurer l\u2019audience du site. Vous pouvez modifier vos pr\u00e9f\u00e9rences \u00e0 tout moment.\n\t\t\t\t\t<\/p>\n\t\t\t\t\t<\/div>\n\t\t\t\t<\/div>\n\t\t\t\t<\/div>\n\t\t","protected":false},"excerpt":{"rendered":"<p>POLITIQUE DE CONFIDENTIALIT\u00c9 (RGPD)Politique de confidentialit\u00e9La protection de vos donn\u00e9es personnelles est super importante pour moi et c&rsquo;est une de [&hellip;]<\/p>\n","protected":false},"author":1,"featured_media":0,"parent":0,"menu_order":0,"comment_status":"closed","ping_status":"closed","template":"","meta":{"site-sidebar-layout":"no-sidebar","site-content-layout":"","ast-site-content-layout":"full-width-container","site-content-style":"default","site-sidebar-style":"default","ast-global-header-display":"","ast-banner-title-visibility":"","ast-main-header-display":"","ast-hfb-above-header-display":"","ast-hfb-below-header-display":"","ast-hfb-mobile-header-display":"","site-post-title":"disabled","ast-breadcrumbs-content":"","ast-featured-img":"disabled","footer-sml-layout":"","ast-disable-related-posts":"","theme-transparent-header-meta":"","adv-header-id-meta":"","stick-header-meta":"","header-above-stick-meta":"","header-main-stick-meta":"","header-below-stick-meta":"","astra-migrate-meta-layouts":"default","ast-page-background-enabled":"default","ast-page-background-meta":{"desktop":{"background-color":"var(--ast-global-color-5)","background-image":"","background-repeat":"repeat","background-position":"center center","background-size":"auto","background-attachment":"scroll","background-type":"","background-media":"","overlay-type":"","overlay-color":"","overlay-opacity":"","overlay-gradient":""},"tablet":{"background-color":"","background-image":"","background-repeat":"repeat","background-position":"center center","background-size":"auto","background-attachment":"scroll","background-type":"","background-media":"","overlay-type":"","overlay-color":"","overlay-opacity":"","overlay-gradient":""},"mobile":{"background-color":"","background-image":"","background-repeat":"repeat","background-position":"center center","background-size":"auto","background-attachment":"scroll","background-type":"","background-media":"","overlay-type":"","overlay-color":"","overlay-opacity":"","overlay-gradient":""}},"ast-content-background-meta":{"desktop":{"background-color":"var(--ast-global-color-4)","background-image":"","background-repeat":"repeat","background-position":"center center","background-size":"auto","background-attachment":"scroll","background-type":"","background-media":"","overlay-type":"","overlay-color":"","overlay-opacity":"","overlay-gradient":""},"tablet":{"background-color":"var(--ast-global-color-4)","background-image":"","background-repeat":"repeat","background-position":"center center","background-size":"auto","background-attachment":"scroll","background-type":"","background-media":"","overlay-type":"","overlay-color":"","overlay-opacity":"","overlay-gradient":""},"mobile":{"background-color":"var(--ast-global-color-4)","background-image":"","background-repeat":"repeat","background-position":"center center","background-size":"auto","background-attachment":"scroll","background-type":"","background-media":"","overlay-type":"","overlay-color":"","overlay-opacity":"","overlay-gradient":""}},"footnotes":""},"class_list":["post-12","page","type-page","status-publish","hentry"],"jetpack_sharing_enabled":true,"_links":{"self":[{"href":"https:\/\/ninablasband.com\/index.php?rest_route=\/wp\/v2\/pages\/12","targetHints":{"allow":["GET"]}}],"collection":[{"href":"https:\/\/ninablasband.com\/index.php?rest_route=\/wp\/v2\/pages"}],"about":[{"href":"https:\/\/ninablasband.com\/index.php?rest_route=\/wp\/v2\/types\/page"}],"author":[{"embeddable":true,"href":"https:\/\/ninablasband.com\/index.php?rest_route=\/wp\/v2\/users\/1"}],"replies":[{"embeddable":true,"href":"https:\/\/ninablasband.com\/index.php?rest_route=%2Fwp%2Fv2%2Fcomments&post=12"}],"version-history":[{"count":8,"href":"https:\/\/ninablasband.com\/index.php?rest_route=\/wp\/v2\/pages\/12\/revisions"}],"predecessor-version":[{"id":608,"href":"https:\/\/ninablasband.com\/index.php?rest_route=\/wp\/v2\/pages\/12\/revisions\/608"}],"wp:attachment":[{"href":"https:\/\/ninablasband.com\/index.php?rest_route=%2Fwp%2Fv2%2Fmedia&parent=12"}],"curies":[{"name":"wp","href":"https:\/\/api.w.org\/{rel}","templated":true}]}}